ve j(-4).
-2
Let v(p) = -20*p - 19. Let b be 94/(-16) + 145/(-1160). Give v(b).
101
Let l(a) = 5*a - 1. Let n(r) = 2*r - 1. Let z(f) = f**3 - 9*f**2 + 7*f + 12. Let s be z(8). Let o(k) = s*n(k) - 2*l(k). Determine o(4).
-10
Let i(s) be the first derivative of -3*s**2/2 - 10*s + 646. Give i(5).
-25
Let t(z) = z**2 + 3*z - 3. Let y(u) = -5*u**2 - 16*u + 17. Let x(j) = -14*t(j) - 3*y(j). Determine x(-6).
-9
Let m(u) be the third derivative of -u**4/3 - 49*u**3/3 + 4229*u**2. Determine m(-13).
6
Let u(f) = 46 - 1807*f**2 - 19 - 10 - 18 + 1905*f**2 + 6*f. Calculate u(1).
103
Suppose -4 = -4*n + 3*j, n - 45 + 43 = j. Let t(y) = 2*y**3 + 3*y**2 - y - 5. Calculate t(n).
-7
Let h(q) = -2*q + 16. Let v(a) = a**3 + 65*a**2 + 37*a - 1716. Let u be v(-64). Calculate h(u).
-8
Let v be 18/30 + (1 - 4/(-10)). Let z be (-2)/4*12/(-3). Suppose z*x - x = -v*x. Let l(q) = q + 6. Calculate l(x).
6
Let p = -1628 + 1628. Let x(t) = 8*t - 83. Give x(p).
-83
Let r(x) = -17*x - 174. Let f(k) = -70*k - 878. Let s(i) = -6*f(i) + 28*r(i). Determine s(7).
4
Let z be -6 + (-185)/(-30) - 19/6. Let o(a) = -14*a - 52. What is o(z)?
-10
Suppose 0 = -32*u - 2*u + 42568. Let c(h) = -u + 2506 - 1246 - h. Let r = 19 - 10. Calculate c(r).
-1
Suppose 4*j = -t - 3*t - 16, 4*t + 3*j + 15 = 0. Let i(w) = -w**3 - w**2 + 2*w - 1. What is i(t)?
11
Let r(v) = -8*v**3 - v**2 + 4*v - 2. Let n(s) = -12*s + 613. Let o be n(51). Calculate r(o).
-7
Let j(i) = i**3 - 7*i**2 - 29*i - 1. Let l(x) = -2*x**2 - 16*x + 220. Let k be l(-15). What is j(k)?
9
Let l be 1*-1 + 2 + 0. Let m(h) = 2 + 0*h - 4*h + l. Let g be (-5 - (6 - 13))*(-6)/(-4). What is m(g)?
-9
Let m(a) = a**2 - 5*a + 5. Suppose 4*j - 55 = 185. Let y be (-12)/(-15)*(j/(-8))/3. Let k be 1/y*2 - (11 + -18). Give m(k).
11
Suppose -51*p + 256 = 817. Let s(z) = 6*z + 81. Give s(p).
15
Let u(d) = -d**2 - 3*d + 11. Let i = -108 - -99. Determine u(i).
-43
Let z(l) be the second derivative of l**5/20 - l**4/12 + l**3/6 - 3*l**2 - 978*l - 3. What is z(3)?
15
Let g = 1483 + -1467. Let k(u) = u**3 - 14*u**2 - 34*u + 38. Give k(g).
6
Let z(m) = 5*m - 5. Let p(i) = i**3 + 13*i**2 - 54*i + 243. Let c be p(-17). Calculate z(c).
20
Let l(i) = 7*i**2 + 7*i**2 - 5*i**2 - 6*i + 6 - 8 - 8*i**2. What is l(7)?
5
Let j(p) = -13*p**2 - 35*p + 12. Let y(q) = -7*q**2 - 19*q + 6. Suppose -112 - 86 = -18*g. Let z(n) = g*y(n) - 6*j(n). What is z(0)?
-6
Let l(r) be the third derivative of -r**5/10 - r**4/2 - 10*r**3/3 - 5948*r**2. Calculate l(-2).
-20
Let u = -5795 - -5765. Let f(o) = -o**2 - 34*o - 130. What is f(u)?
-10
Let n = 4572 - 4572. Let t(h) be the third derivative of h**6/120 - h**4/24 - h**3/3 - 6*h**2. Calculate t(n).
-2
Let h(l) be the second derivative of l**4/2 - 2*l**3/3 + 11*l**2/2 + 852*l. What is h(3)?
53
Let z(n) = -12 - 6 + 2*n - 6 + 26. Let p(r) = -9*r - 9. Let u(h) = p(h) + 3*z(h). Calculate u(-2).
3
Let f(i) = 17*i - 103. Suppose j = 23*a - 25*a + 10, 0 = 2*a - 4. Determine f(j).
-1
Let u(a) = a - 1. Let d(h) = -2*h**3 - 7*h**2 + 5*h - 6. Let k(x) = -x**3 - 4*x**2 + 3*x - 4. Let t(w) = 3*d(w) - 5*k(w). Let n be t(0). Calculate u(n).
1
Let p(z) be the first derivative of z**4/4 + 14*z**3/3 - 8*z**2 + 18*z - 1481. What is p(-15)?
33
Let g be 308/110 + (-2)/(-10). Let u(t) = 16*t**2 - 3 + 272*t - 7*t**2 - t**g - 271*t. What is u(9)?
6
Let m(k) = k - 14*k + 4*k - 2012 + 6*k + 2021. Determine m(16).
-39
Let i(p) = p**2 - 2*p - 1. Suppose -3*b = -j + 128 + 113, -j - 319 = 4*b. Let r = 83 + b. Suppose 5 + 1 = -r*h. Give i(h).
7
Let h(f) = -f**2 + 2*f + 2. Let p(y) = -y**3 + 9*y**2 - 14*y - 9. Let m be p(6). Suppose -m = -10*v + 25. What is h(v)?
-6
Let t = 25 - 55. Let n be 5/(t/(-12)) - -3. Let g(o) = 0 + o - 7 + 5*o - o**2. Give g(n).
-2
Let p = 5666 + -5662. Let b(f) = -19*f + 73. Give b(p).
-3
Let o be 9/6 + (-30)/4. Suppose 68 = 2*s + 2*h, -s + 22 = -2*h - 3*h. Let k(c) = 32 - c + s - 65. What is k(o)?
5
Let d be -5 + (-8 + 44)/4. Suppose 21*t - d*t = -102. Let c(m) be the third derivative of -m**4/24 - m**3/6 + m**2. Calculate c(t).
5
Let q(c) = -6*c - 1. Let w(g) = g**2 + 2*g + 22. Let r(h) = 3*q(h) - w(h). Determine r(-20).
-25
Let c = -26 - -50. Suppose c = -8*n + 8. Let t = n + -3. Let u(q) = 2*q**2 + 7*q + 1. Calculate u(t).
16
Let a(h) = 9*h - 64. Let n(y) = -11*y + 79. Let f(b) = 5*a(b) + 4*n(b). Determine f(7).
3
Let t be 16/14*371/(-106). Let d(p) = p**2 - p - 25. Calculate d(t).
-5
Let o(u) = u**3 - 9*u**2 + 17*u + 6. Suppose 4*z + 3 = b, -5*b + 3*z + 4 + 28 = 0. Calculate o(b).
27
Let s(m) = -9*m + 2. Let q(u) = 4*u - 5*u - 2 + 8*u. Let r(t) = -6*q(t) - 4*s(t). Let x be r(0). Let w(i) = -i**2 + 2. What is w(x)?
-14
Let s be (-6 + 3)*(-4)/3. Let r(d) be the third derivative of -d**6/120 + d**5/60 + 7*d**4/24 - 5*d**3/6 - 98*d**2 + 25. Calculate r(s).
-25
Let c(w) = 3*w**2 - 2*w - 2. Suppose -11*j = 2*j - 78. Suppose 4*g + j*p - 9*p - 11 = 0, -4*g + 4*p + 12 = 0. Calculate c(g).
6
Let r(z) = 125 + z - 244 + 126. Suppose 13*u = 10*u - 12. Determine r(u).
3
Let z(j) = -5*j - 1. Let w = -2878 + 2881. Give z(w).
-16
Suppose -1 - 5 = 6*k. Let s be 6*(-28)/21*k/4. Let m(b) = s*b - 4*b - 16 + 13 + 0*b**2 + 3*b**2. Give m(-2).
13
Let z(s) = -s**3 - 4*s**2 + 2*s - 15. Let n be z(-5). Let k(t) be the second derivative of 1/2*t**2 + n - 6*t + 1/3*t**3. What is k(-5)?
-9
Let g(k) = -12*k + 139. Let s(l) = -6*l + 81. Let h(c) = 4*g(c) - 7*s(c). What is h(-6)?
25
Let o(t) = -t + 4. Suppose -71*v + 816 = -55*v. Let n be 4/((-20)/15) - 44. Let a = n + v. Determine o(a).
0
Let z(v) = -6 + 7*v**2 - v**3 - 2*v**3 + 4*v**3 - v. Let a(f) = -f**3 + 16*f**2 - 19*f + 59. Let s be a(15). Let t be ((-63)/(-18))/(s/2). Give z(t).
1
Let u = 8 - 5. Suppose 10 = -4*z + h + h, 5*h = -u*z + 25. Suppose z = x + x - n + 8, 20 = -5*x - 5*n. Let b(j) = -j - 3. What is b(x)?
1
Let m(u) be the first derivative of -u**3/3 + 2*u**2 + 4*u + 2. Let p(l) = -l**2 + 12*l + 28. Let q be p(14). Let j be (7/(-4) + q)*-4. What is m(j)?
-17
Let p(i) be the second derivative of -8*i**3/3 - 4*i**2 - 7*i - 131. Give p(4).
-72
Let r(x) = -16*x**2 + x + 24. Let u(f) = -3*f**2 + 5. Let t(p) = -2*r(p) + 11*u(p). Let h = -3641 - -3638. Determine t(h).
4
Suppose -3*x = -6*x + 6, -2*g - 8 = -4*x. Suppose -3*l + 9 = g, -1 = -0*q - 2*q + l. Let h(v) = -2*v + 3. Determine h(q).
-1
Let g(c) = -c**2 + 6*c - 6. Let i(w) = -w**3 - 12*w**2 - 12*w - 5. Let y = 133 - 198. Let k = 54 + y. Let n be i(k). Determine g(n).
-6
Suppose -1090*x + 271*x - 122 = 55 + 642. Let c(i) be the second derivative of -3*i**5/20 + i**3/6 + i**2/2 - i. Calculate c(x).
3
Let d(m) = -m**3 - 8*m**2 - 9*m - 7. Let r be d(-7). Let q = 2 + r. Suppose 5*y - q = 1. Let z(i) = -i**3 + 2*i**2 - i - 2. Determine z(y).
-4
Suppose -2336 + 2320 = 8*l. Let p(s) be the third derivative of -1/60*s**5 + 0 - 1/60*s**6 + 0*s + 3*s**2 + 1/3*s**3 - 1/24*s**4. Calculate p(l).
16
Let w(h) = -21*h - h + h + 19*h**3 + 18*h + 2*h. Let x be (-2)/(-3) + (-1)/(-3). Determine w(x).
18
Suppose 0 = -3*j - 4*z + 7 - 21, -j - 3*z = 13. Let q(d) = 15*d**2 + 11*d**2 + 2*d - d + 4*d**j. Determine q(-1).
29
Let f(l) be the third derivative of 5*l**4/24 - 9*l**3/2 + 1654*l**2. Give f(10).
23
Let z(v) = -12 - 10 + 6*v - 18 + 80 - 17. What is z(-2)?
11
Let m(i) = 7*i**2 - 1. Let f(h) = h**2 - 13*h + 11. Let l(u) = 4*u. Let z be l(3). Let n be f(z). Let s(k) = k**2 + k. Let b(x) = n*m(x) + 5*s(x). What is b(4)?
-11
Let x = -3701 - -3707. Let i(u) = 45*u**2 - 25*u**2 + 5*u + 14 - 15*u**2 - u**3. Determine i(x).
8
Let x = 1738 - 1744. Let a(o) = -5*o - 5. Let l(u) = -14*u - 15. Let n(r) = -11*a(r) + 4*l(r). Calculate n(x).
1
Let v(y) be the third derivative of 1/12*y**4 + 0*y + 0 + 23*y**2 + 0*y**3. What is v(2)?
4
Suppose -d + 8 = 2*y, -2*y + 14 = y + 2*d. Let q(r) = -3*r**3 + 4*r**y + 2*r**3 - 5*r - 4 + 2*r. Give q(4).
-16
Let n(w) be the second derivative of -w**4/12 + 7*w**3/6 - 11*w**2/2 + 14*w - 22. Calculate n(3).
1
Let z(y) = 2*y**3 + 242*y**2 + 477*y + 132. Let q be z(-119). Let v(h) = -h**3 + 12*h**2 + 18*h - 58. Calculate v(q).
7
Let t(h) = 5*h - 4. Let n(b) = -b**2 - 29*b - 79. Let f be n(-26). Let c(r) = r - 1. Let q(p) = f*t(p) + 6*c(p). Calculate q(4).
2
Suppose v = -8 + 22. Let l be v/(-4) + 5/10. Let h(o) = o**3 - o**2 - 1. Let b(w) = 2*w**3 + w**